y 7094?
2672
Calculate the remainder when 1461712 is divided by 13795.
13237
What is the remainder when 1467190 is divided by 701?
698
What is the remainder when 1003991 is divided by 1003843?
148
Calculate the remainder when 6129430 is divided by 1487.
16
What is the remainder when 4888236 is divided by 6155?
1166
What is the remainder when 144290 is divided by 1699?
1574
Calculate the remainder when 1850501 is divided by 267.
191
Calculate the remainder when 82217122 is divided by 39058.
32
What is the remainder when 75696740 is divided by 1240930?
10
What is the remainder when 427967 is divided by 724?
83
Calculate the remainder when 1832540 is divided by 916192.
156
What is the remainder when 348138 is divided by 20471?
131
Calculate the remainder when 12259060 is divided by 158.
156
What is the remainder when 19480 is divided by 18602?
878
What is the remainder when 56911 is divided by 1096?
1015
Calculate the remainder when 23220546 is divided by 862.
852
What is the remainder when 133261 is divided by 1168?
109
What is the remainder when 40346 is divided by 1303?
1256
Calculate the remainder when 12733166 is divided by 134.
84
Calculate the remainder when 16245510 is divided by 670.
20
What is the remainder when 271152 is divided by 2793?
231
Calculate the remainder when 177394 is divided by 1200.
994
What is the remainder when 37247 is divided by 180?
167
Calculate the remainder when 12452295 is divided by 6226138.
19
Calculate the remainder when 1406986 is divided by 2499.
49
Calculate the remainder when 5005815 is divided by 4426.
9
What is the remainder when 531858 is divided by 4890?
3738
What is the remainder when 282125 is divided by 11114?
4275
What is the remainder when 1718029 is divided by 157?
135
Calculate the remainder when 201368 is divided by 43.
42
Calculate the remainder when 445620 is divided by 110946.
1836
Calculate the remainder when 1649009 is divided by 772.
17
What is the remainder when 45697 is divided by 508?
485
Calculate the remainder when 2505115799 is divided by 627.
626
What is the remainder when 11383401 is divided by 1422921?
33
Calculate the remainder when 23376603 is divided by 151.
142
Calculate the remainder when 321045 is divided by 1189.
15
Calculate the remainder when 143939173 is divided by 61329.
10
What is the remainder when 38836801 is divided by 5220?
1
What is the remainder when 289946 is divided by 6728?
642
What is the remainder when 58617 is divided by 19463?
228
Calculate the remainder when 57595703 is divided by 16560.
23
Calculate the remainder when 2950832 is divided by 302.
292
What is the remainder when 386931 is divided by 128953?
72
What is the remainder when 8574138 is divided by 2657?
2656
What is the remainder when 6144157 is divided by 1760?
1757
What is the remainder when 16347735 is divided by 189?
180
What is the remainder when 4262426 is divided by 20894?
50
What is the remainder when 8866250 is divided by 1841?
1835
What is the remainder when 13838777 is divided by 32?
25
Calculate the remainder when 303267 is divided by 73.
25
Calculate the remainder when 15010391 is divided by 190.
11
Calculate the remainder when 6596598 is divided by 29.
26
Calculate the remainder when 100598691 is divided by 76.
75
What is the remainder when 170941 is divided by 207?
166
Calculate the remainder when 11303124 is divided by 13251.
21
Calculate the remainder when 2401561 is divided by 600390.
1
Calculate the remainder when 270887 is divided by 6987.
5381
What is the remainder when 123152 is divided by 159?
86
What is the remainder when 19310641 is divided by 326?
31
What is the remainder when 7155970 is divided by 9186?
76
Calculate the remainder when 854920 is divided by 590.
10
Calculate the remainder when 74595798 is divided by 74.
24
Calculate the remainder when 2051 is divided by 2017.
34
Calculate the remainder when 7107213 is divided by 39928.
29
What is the remainder when 448708 is divided by 149280?
868
What is the remainder when 2010297 is divided by 10985?
42
What is the remainder when 1666813 is divided by 74?
37
What is the remainder when 394059 is divided by 1094?
219
What is the remainder when 1647624 is divided by 456?
96
What is the remainder when 2756248 is divided by 680?
208
Calculate the remainder when 619017 is divided by 206322.
51
Calculate the remainder when 2889743 is divided by 6365.
33
What is the remainder when 13359309 is divided by 580839?
12
What is the remainder when 220741 is divided by 10309?
4252
What is the remainder when 448303 is divided by 729?
697
What is the remainder when 15418636 is divided by 37?
33
What is the remainder when 1166177 is divided by 18?
11
Calculate the remainder when 251408 is divided by 3.
2
Calculate the remainder when 28271506 is divided by 23.
21
What is the remainder when 56146 is divided by 2159?
12
What is the remainder when 1089890 is divided by 19816?
10
Calculate the remainder when 3475551 is divided by 868835.
211
What is the remainder when 7546 is divided by 3682?
182
Calculate the remainder when 31724039 is divided by 31724031.
8
What is the remainder when 9859205 is divided by 81481?
4
What is the remainder when 434252 is divided by 1939?
1855
What is the remainder when 211654 is divided by 211515?
139
Calculate the remainder when 6636663 is divided by 42.
33
What is the remainder when 4058259 is divided by 1014517?
191
What is the remainder when 171354 is divided by 583?
535
Calculate the remainder when 3632437 is divided by 629.
591
Calculate the remainder when 2928745 is divided by 8022.
715
What is the remainder when 1066504 is divided by 16?
8
Calculate the remainder when 271861 is divided by 2044.
9
What is the remainder when 1592898 is divided by 1365?
1308
Calculate the remainder when 35403 is divided by 34730.
673
Calculate the remainder when 221111 is divided by 216414.
4697
What is the remainder when 2153426 is divided by 69456?
290
Calculate the remainder when 14347767 is divided by 75.
42
What is the remainder when 2290991 is divided by 572675?
291
What is the remainder when 1297513 is divided by 9?
1
What is the remainder when 5654756 is divided by 232?
220
Calculate the remainder when 62929 is divided by 4839.
22
What is the remainder when 1239400 is divided by 47633?
942
Calculate the remainder when 405955 is divided by 135097.
664
Calculate the remainder when 19209 is divided by 9205.
799
Calculate the remainder when 331519849 is divided by 172.
169
Calculate the remainder when 2295163557 is divided by 11155.
11152
What is the remainder when 64235580 is divided by 224?
220
Calculate the remainder when 1922778 is divided by 640798.
384
Calculate the remainder when 44937526 is divided by 148.
138
Calculate the remainder when 17438 is divided by 5621.
575
What is the remainder when 4563057 is divided by 7?
2
What is the remainder when 3641622 is divided by 404?
370
Calculate the remainder when 197299 is divided by 3288.
19
What is the remainder when 333175 is divided by 55506?
139
What is the remainder when 1366011 is divided by 1781?
1765
Calculate the remainder when 2928124 is divided by 896.
892
What is the remainder when 8464252 is divided by 201529?
34
What is the remainder when 12522608 is divided by 2216?
2208
What is the remainder when 407646 is divided by 407628?
18
What is the remainder when 972817 is divided by 324169?
310
What is the remainder when 326764587 is divided by 65352917?
2
Calculate the remainder when 7277353 is divided by 454834.
9
Calculate the remainder when 428569 is divided by 179.
43
What is the remainder when 393240 is divided by 65537?
18
Calculate the remainder when 411626 is divided by 102814.
370
What is the remainder when 17727 is divided by 5770?
417
Calculate the remainder when 2142338 is divided by 194754.
44
Calculate the remainder when 7172435 is divided by 3586196.
43
Calculate the remainder when 112875 is divided by 112087.
788
Calculate the remainder when 680319 is divided by 2159.
234
Calculate the remainder when 4825420 is divided by 360.
340
Calculate the remainder when 29483819 is divided by 3420.
3419
What is the remainder when 8204728 is divided by 2734891?
55
What is the remainder when 643785 is divided by 58525?
10
What is the remainder when 21